{"id":30,"date":"2021-03-06T19:24:41","date_gmt":"2021-03-06T19:24:51","guid":{"rendered":"http:\/\/www.evacapkova.eu\/?page_id=30"},"modified":"2026-01-10T06:10:05","modified_gmt":"2026-01-10T06:10:05","slug":"kontakt","status":"publish","type":"page","link":"https:\/\/www.evacapkova.eu\/index.php\/kontakt\/","title":{"rendered":"Kontakt\/Contact"},"content":{"rendered":"<p>Pokud m\u011b chcete kontaktovat, nejl\u00e9pe, kdy\u017e vyu\u017eijete dole uvedenou emailovou adresu.<\/p>\n<p>If you want to contact me, it is best to use the email address provided below.<\/p>\n","protected":false},"excerpt":{"rendered":"<p>Pokud m\u011b chcete kontaktovat, nejl\u00e9pe, kdy\u017e vyu\u017eijete dole uvedenou emailovou adresu. If you want to contact me, it is best to use the email address provided below.<\/p>\n","protected":false},"author":1,"featured_media":0,"parent":0,"menu_order":7,"comment_status":"closed","ping_status":"closed","template":"","meta":{"footnotes":""},"class_list":["post-30","page","type-page","status-publish","hentry","entry"],"yoast_head":"<!-- This site is optimized with the Yoast SEO plugin v27.5 - https:\/\/yoast.com\/product\/yoast-seo-wordpress\/ -->\n<title>Kontakt\/Contact - Eva \u010capkov\u00e1<\/title>\n<meta name=\"robots\" content=\"index, follow, max-snippet:-1, max-image-preview:large, max-video-preview:-1\" \/>\n<link rel=\"canonical\" href=\"https:\/\/www.evacapkova.eu\/index.php\/kontakt\/\" \/>\n<meta property=\"og:locale\" content=\"de_DE\" \/>\n<meta property=\"og:type\" content=\"article\" \/>\n<meta property=\"og:title\" content=\"Kontakt\/Contact - Eva \u010capkov\u00e1\" \/>\n<meta property=\"og:description\" content=\"Pokud m\u011b chcete kontaktovat, nejl\u00e9pe, kdy\u017e vyu\u017eijete dole uvedenou emailovou adresu. If you want to contact me, it is best to use the email address provided below.\" \/>\n<meta property=\"og:url\" content=\"https:\/\/www.evacapkova.eu\/index.php\/kontakt\/\" \/>\n<meta property=\"og:site_name\" content=\"Eva \u010capkov\u00e1\" \/>\n<meta property=\"article:modified_time\" content=\"2026-01-10T06:10:05+00:00\" \/>\n<meta name=\"twitter:card\" content=\"summary_large_image\" \/>\n<meta name=\"twitter:label1\" content=\"Gesch\u00e4tzte Lesezeit\" \/>\n\t<meta name=\"twitter:data1\" content=\"1\u00a0Minute\" \/>\n<script type=\"application\/ld+json\" class=\"yoast-schema-graph\">{\"@context\":\"https:\\\/\\\/schema.org\",\"@graph\":[{\"@type\":\"WebPage\",\"@id\":\"https:\\\/\\\/www.evacapkova.eu\\\/index.php\\\/kontakt\\\/\",\"url\":\"https:\\\/\\\/www.evacapkova.eu\\\/index.php\\\/kontakt\\\/\",\"name\":\"Kontakt\\\/Contact - Eva \u010capkov\u00e1\",\"isPartOf\":{\"@id\":\"https:\\\/\\\/www.evacapkova.eu\\\/#website\"},\"datePublished\":\"2021-03-06T19:24:51+00:00\",\"dateModified\":\"2026-01-10T06:10:05+00:00\",\"breadcrumb\":{\"@id\":\"https:\\\/\\\/www.evacapkova.eu\\\/index.php\\\/kontakt\\\/#breadcrumb\"},\"inLanguage\":\"de\",\"potentialAction\":[{\"@type\":\"ReadAction\",\"target\":[\"https:\\\/\\\/www.evacapkova.eu\\\/index.php\\\/kontakt\\\/\"]}]},{\"@type\":\"BreadcrumbList\",\"@id\":\"https:\\\/\\\/www.evacapkova.eu\\\/index.php\\\/kontakt\\\/#breadcrumb\",\"itemListElement\":[{\"@type\":\"ListItem\",\"position\":1,\"name\":\"Startseite\",\"item\":\"https:\\\/\\\/www.evacapkova.eu\\\/\"},{\"@type\":\"ListItem\",\"position\":2,\"name\":\"Kontakt\\\/Contact\"}]},{\"@type\":\"WebSite\",\"@id\":\"https:\\\/\\\/www.evacapkova.eu\\\/#website\",\"url\":\"https:\\\/\\\/www.evacapkova.eu\\\/\",\"name\":\"Eva \u010capkov\u00e1\",\"description\":\"evacapkova.eu\",\"publisher\":{\"@id\":\"https:\\\/\\\/www.evacapkova.eu\\\/#\\\/schema\\\/person\\\/2d860a0ae0bb0d7f026e5a73338a069c\"},\"potentialAction\":[{\"@type\":\"SearchAction\",\"target\":{\"@type\":\"EntryPoint\",\"urlTemplate\":\"https:\\\/\\\/www.evacapkova.eu\\\/?s={search_term_string}\"},\"query-input\":{\"@type\":\"PropertyValueSpecification\",\"valueRequired\":true,\"valueName\":\"search_term_string\"}}],\"inLanguage\":\"de\"},{\"@type\":[\"Person\",\"Organization\"],\"@id\":\"https:\\\/\\\/www.evacapkova.eu\\\/#\\\/schema\\\/person\\\/2d860a0ae0bb0d7f026e5a73338a069c\",\"name\":\"Eva \u010capkov\u00e1\",\"image\":{\"@type\":\"ImageObject\",\"inLanguage\":\"de\",\"@id\":\"https:\\\/\\\/secure.gravatar.com\\\/avatar\\\/930eb15065d3d272649b176d44ccf3c1d27b505b02fd07a9a7d5c580d9347ce8?s=96&d=mm&r=g\",\"url\":\"https:\\\/\\\/secure.gravatar.com\\\/avatar\\\/930eb15065d3d272649b176d44ccf3c1d27b505b02fd07a9a7d5c580d9347ce8?s=96&d=mm&r=g\",\"contentUrl\":\"https:\\\/\\\/secure.gravatar.com\\\/avatar\\\/930eb15065d3d272649b176d44ccf3c1d27b505b02fd07a9a7d5c580d9347ce8?s=96&d=mm&r=g\",\"caption\":\"Eva \u010capkov\u00e1\"},\"logo\":{\"@id\":\"https:\\\/\\\/secure.gravatar.com\\\/avatar\\\/930eb15065d3d272649b176d44ccf3c1d27b505b02fd07a9a7d5c580d9347ce8?s=96&d=mm&r=g\"},\"sameAs\":[\"https:\\\/\\\/www.evacapkova.eu\\\/\",\"jentakprodlouhouchvili\"]}]}<\/script>\n<!-- \/ Yoast SEO plugin. -->","yoast_head_json":{"title":"Kontakt\/Contact - Eva \u010capkov\u00e1","robots":{"index":"index","follow":"follow","max-snippet":"max-snippet:-1","max-image-preview":"max-image-preview:large","max-video-preview":"max-video-preview:-1"},"canonical":"https:\/\/www.evacapkova.eu\/index.php\/kontakt\/","og_locale":"de_DE","og_type":"article","og_title":"Kontakt\/Contact - Eva \u010capkov\u00e1","og_description":"Pokud m\u011b chcete kontaktovat, nejl\u00e9pe, kdy\u017e vyu\u017eijete dole uvedenou emailovou adresu. If you want to contact me, it is best to use the email address provided below.","og_url":"https:\/\/www.evacapkova.eu\/index.php\/kontakt\/","og_site_name":"Eva \u010capkov\u00e1","article_modified_time":"2026-01-10T06:10:05+00:00","twitter_card":"summary_large_image","twitter_misc":{"Gesch\u00e4tzte Lesezeit":"1\u00a0Minute"},"schema":{"@context":"https:\/\/schema.org","@graph":[{"@type":"WebPage","@id":"https:\/\/www.evacapkova.eu\/index.php\/kontakt\/","url":"https:\/\/www.evacapkova.eu\/index.php\/kontakt\/","name":"Kontakt\/Contact - Eva \u010capkov\u00e1","isPartOf":{"@id":"https:\/\/www.evacapkova.eu\/#website"},"datePublished":"2021-03-06T19:24:51+00:00","dateModified":"2026-01-10T06:10:05+00:00","breadcrumb":{"@id":"https:\/\/www.evacapkova.eu\/index.php\/kontakt\/#breadcrumb"},"inLanguage":"de","potentialAction":[{"@type":"ReadAction","target":["https:\/\/www.evacapkova.eu\/index.php\/kontakt\/"]}]},{"@type":"BreadcrumbList","@id":"https:\/\/www.evacapkova.eu\/index.php\/kontakt\/#breadcrumb","itemListElement":[{"@type":"ListItem","position":1,"name":"Startseite","item":"https:\/\/www.evacapkova.eu\/"},{"@type":"ListItem","position":2,"name":"Kontakt\/Contact"}]},{"@type":"WebSite","@id":"https:\/\/www.evacapkova.eu\/#website","url":"https:\/\/www.evacapkova.eu\/","name":"Eva \u010capkov\u00e1","description":"evacapkova.eu","publisher":{"@id":"https:\/\/www.evacapkova.eu\/#\/schema\/person\/2d860a0ae0bb0d7f026e5a73338a069c"},"potentialAction":[{"@type":"SearchAction","target":{"@type":"EntryPoint","urlTemplate":"https:\/\/www.evacapkova.eu\/?s={search_term_string}"},"query-input":{"@type":"PropertyValueSpecification","valueRequired":true,"valueName":"search_term_string"}}],"inLanguage":"de"},{"@type":["Person","Organization"],"@id":"https:\/\/www.evacapkova.eu\/#\/schema\/person\/2d860a0ae0bb0d7f026e5a73338a069c","name":"Eva \u010capkov\u00e1","image":{"@type":"ImageObject","inLanguage":"de","@id":"https:\/\/secure.gravatar.com\/avatar\/930eb15065d3d272649b176d44ccf3c1d27b505b02fd07a9a7d5c580d9347ce8?s=96&d=mm&r=g","url":"https:\/\/secure.gravatar.com\/avatar\/930eb15065d3d272649b176d44ccf3c1d27b505b02fd07a9a7d5c580d9347ce8?s=96&d=mm&r=g","contentUrl":"https:\/\/secure.gravatar.com\/avatar\/930eb15065d3d272649b176d44ccf3c1d27b505b02fd07a9a7d5c580d9347ce8?s=96&d=mm&r=g","caption":"Eva \u010capkov\u00e1"},"logo":{"@id":"https:\/\/secure.gravatar.com\/avatar\/930eb15065d3d272649b176d44ccf3c1d27b505b02fd07a9a7d5c580d9347ce8?s=96&d=mm&r=g"},"sameAs":["https:\/\/www.evacapkova.eu\/","jentakprodlouhouchvili"]}]}},"_links":{"self":[{"href":"https:\/\/www.evacapkova.eu\/index.php\/wp-json\/wp\/v2\/pages\/30","targetHints":{"allow":["GET"]}}],"collection":[{"href":"https:\/\/www.evacapkova.eu\/index.php\/wp-json\/wp\/v2\/pages"}],"about":[{"href":"https:\/\/www.evacapkova.eu\/index.php\/wp-json\/wp\/v2\/types\/page"}],"author":[{"embeddable":true,"href":"https:\/\/www.evacapkova.eu\/index.php\/wp-json\/wp\/v2\/users\/1"}],"replies":[{"embeddable":true,"href":"https:\/\/www.evacapkova.eu\/index.php\/wp-json\/wp\/v2\/comments?post=30"}],"version-history":[{"count":12,"href":"https:\/\/www.evacapkova.eu\/index.php\/wp-json\/wp\/v2\/pages\/30\/revisions"}],"predecessor-version":[{"id":2077,"href":"https:\/\/www.evacapkova.eu\/index.php\/wp-json\/wp\/v2\/pages\/30\/revisions\/2077"}],"wp:attachment":[{"href":"https:\/\/www.evacapkova.eu\/index.php\/wp-json\/wp\/v2\/media?parent=30"}],"curies":[{"name":"wp","href":"https:\/\/api.w.org\/{rel}","templated":true}]}}