{"id":226,"date":"2021-03-13T15:47:11","date_gmt":"2021-03-13T15:47:11","guid":{"rendered":"https:\/\/www.evacapkova.eu\/index.php\/odkazy\/"},"modified":"2026-01-16T05:54:30","modified_gmt":"2026-01-16T05:54:30","slug":"odkazy","status":"publish","type":"page","link":"https:\/\/www.evacapkova.eu\/index.php\/o-mne\/odkazy\/","title":{"rendered":"Odkazy\/Links"},"content":{"rendered":"<h2>Publikace\/Publication:<\/h2>\n<p lang=\"cs-CZ\" style=\"font-weight: normal;\">Kat. v\u00fds.: Eva \u010capkov\u00e1 \u2013 Pocta v\u011bdc\u016fm minul\u00fdch stalet\u00ed,<br \/>Trigon Praha 2019<\/p>\n<p lang=\"cs-CZ\">Kat. v\u00fdst.: Eva \u010capkov\u00e1. Magnetick\u00e9 malby a grafiky, Galerie<br \/>Maldoror Praha 2018.<\/p>\n<p>Krti\u010dka, Ji\u0159\u00ed Bernard: Fenom\u00e9n drsnosti. \u010cesk\u00e1 struktur\u00e1ln\u00ed<br \/>grafika, Praha 2016, s. 55.<\/p>\n<h2>Video:<\/h2>\n<p><a href=\"https:\/\/www.youtube.com\/watch?v=CEiiJNDWqlI&amp;t=6s\" target=\"_blank\" rel=\"noopener\">Videopozv\u00e1nka na v\u00fdstavu do Svat\u00e9ho Jana pod Skalou, 2025<\/a><\/p>\n<p><a href=\"https:\/\/www.youtube.com\/watch?v=w7u79P5yDBA&amp;t=5s\" target=\"_blank\" rel=\"noopener\">Video: Boudn\u00edk-Hamera-\u010capkov\u00e1, 2023<\/a><\/p>\n<p><a href=\"https:\/\/www.youtube.com\/watch?v=sjRSpRFEzPQ\" target=\"_blank\" rel=\"noopener\">Video: Ho\u0159ovice, 2023<\/a><\/p>\n<p><a href=\"https:\/\/www.youtube.com\/watch?v=7tqskjMn4LE\" target=\"_blank\" rel=\"noopener\">Video: V\u00fdstava ve Viole, Praha 2022<\/a><\/p>\n<p><a href=\"https:\/\/www.youtube.com\/watch?v=4n2MXc4YquU\" target=\"_blank\" rel=\"noopener\">Video \u00favodn\u00ed \u0159e\u010di Dr. Krti\u010dky v Galerii Hollar<\/a><\/p>\n<p><a href=\"https:\/\/www.youtube.com\/watch?v=WOK88kmVNwU\" target=\"_blank\" rel=\"noopener\">Z tvorby Old\u0159icha Hamery a Evy \u010capkov\u00e9 &#8211; pozv\u00e1nka na v\u00fdstavu<\/a><\/p>\n<h2>\u010cl\u00e1nky\/Articles:<\/h2>\n<p class=\"bezpozadi\"><a href=\"https:\/\/ceskegalerie.cz\/cs\/zpravy\/boudnik-hamera-capkova-ucitel-ucitele-zak-zaka\" target=\"_blank\" rel=\"noopener\">Boudn\u00edk\u2013Hamera\u2013\u010capkov\u00e1. U\u010ditel u\u010ditele, \u017e\u00e1k \u017e\u00e1ka<\/a><\/p>\n<p><a href=\"https:\/\/www.berounskyregion.cz\/2023\/05\/10\/malirka-a-graficka-eva-capkova-zkousi-na-divaky-magnetickou-pritazlivost\/\" target=\"_blank\" rel=\"noopener\">Mal\u00ed\u0159ka a grafi\u010dka Eva \u010capkov\u00e1 zkou\u0161\u00ed na div\u00e1ky svou \u201emagnetickou p\u0159ita\u017elivost\u201c<\/a><\/p>\n<p><a href=\"https:\/\/ceskegalerie.cz\/cs\/zpravy\/hledani-neopakovatelnosti-prehlidka-soucasneho-monotypu-v-galerii-hollar\" target=\"_blank\" rel=\"noopener\">Cieslarov\u00e1, Eli\u0161ka: Hled\u00e1n\u00ed neopakovatelnosti &#8211; p\u0159ehl\u00eddka sou\u010dasn\u00e9ho monotypu v Galerii Hollar<\/a><\/p>\n<p><a href=\"https:\/\/www.jcted.cz\/pisecke-postrehy\/na-vernisazi-nove-vystavy-v-prachenskem-muzeu-podporili-hospic-athelas\/\" target=\"_blank\" rel=\"noopener\">Pet\u0159\u00edk, Martin: Na vernis\u00e1\u017ei nov\u00e9 v\u00fdstavy v Pr\u00e1che\u0148sk\u00e9m muzeu podpo\u0159ili hospic Athelas<\/a><\/p>\n<p><a href=\"https:\/\/ceskegalerie.cz\/cs\/zpravy\/recyklace-pocta-oldricha-hamery-outsideru-josefu-vachalovi\" target=\"_blank\" rel=\"noopener\">Recyklace &#8211; Pocta outsidera Old\u0159icha Hamery outsiderovi Josefu V\u00e1chalovi<\/a><\/p>\n<p><a href=\"https:\/\/nadacehollar.cz\/jiri-bernard-krticka-exkluzivni-vydani-pasma-prvni-bibliofilie-s-magnetickou-grafikou\/\" target=\"_blank\" rel=\"noopener\">Krti\u010dka, Ji\u0159\u00ed Bernard: Exkluzivn\u00ed vyd\u00e1n\u00ed P\u00e1sma \u2013 prvn\u00ed bibliofilie s\u00a0magnetickou grafikou, Revue Grapheion, Nadace Hollar, 2019<\/a><\/p>\n<p><a href=\"https:\/\/www.ceskegalerie.cz\/cs\/publicistika\/recenze\/eva-capkova-pritazlivost-magneticke-malby\" target=\"_blank\" rel=\"noopener\">Krti\u010dka, Ji\u0159\u00ed Bernard: Eva \u010capkov\u00e1: P\u0159ita\u017elivost magnetick\u00e9 malby, \u010cesk\u00e9 galerie, 25. leden 2019<\/a><\/p>\n<p><a href=\"https:\/\/www.ceskatelevize.cz\/porady\/1096902795-studio-6\/218411010101004\/\" target=\"_blank\" rel=\"noopener\">Studio 6, \u010cesk\u00e1 televize, 4.10.2018, minuty 51:11-1:00:55<\/a><\/p>\n<p><a href=\"https:\/\/www.ceskegalerie.cz\/cs\/publicistika\/zpravy\/magneticka-malba-objev-nove-vytvarne-techniky\" target=\"_blank\" rel=\"noopener\">Krti\u010dka, Ji\u0159\u00ed Bernard: Magnetick\u00e1 malba &#8211; objev nov\u00e9 v\u00fdtvarn\u00e9 techniky, \u010cesk\u00e9 galerie, 6. \u0159\u00edjen 2018<\/a><\/p>\n<p><a href=\"https:\/\/www.homolka.cz\/article\/aktuality\/nezne-barbarstvi-v-nemocnici-na-homolce\/\" target=\"_blank\" rel=\"noopener\">N\u011b\u017en\u00e9 barbarstv\u00ed v Nemocnici na Holce, 4. \u0158\u00edjen 2018, rubrika Aktuality<\/a><\/p>\n<p><a href=\"https:\/\/babylonrevue.cz\/matematicka-poesie\/\" target=\"_blank\" rel=\"noopener\">Matematick\u00e1 poezie, in Babylon Revue<\/a><\/p>\n<p><a href=\"https:\/\/issuu.com\/ccpminiprintcatalog13\/docs\/2017_miniprint_catalog\" target=\"_blank\" rel=\"noopener\">Exhibition catalog. 11th Biennial International Miniature Print Exhibition, 4. 6 \u2013 27. 8. 2017, Norwalk 2017, s. 8<\/a><\/p>\n<p><a href=\"http:\/\/www.grapheion.cz\/index.php?akce=vypis&amp;link=2017020020\" target=\"_blank\" rel=\"noopener\">Krti\u010dka, Ji\u0159\u00ed Bernard: Havran p\u0159il\u00e9t\u00e1 v zim\u011b, Grapheion<\/a><\/p>\n<p><a href=\"http:\/\/www.grapheion.cz\/index.php?akce=vypis&amp;link=2016060019\" target=\"_blank\" rel=\"noopener\">Krti\u010dka, Ji\u0159\u00ed Bernard: Karel Hynek M\u00e1cha: M\u00e1j. Jedna b\u00e1se\u0148, t\u0159i zp\u016fsoby vid\u011bn\u00ed, Grapheion<\/a><\/p>\n<p><a href=\"http:\/\/tourism.olomouc.eu\/tourism\/news\/article_id=15260\/cs\" target=\"_blank\" rel=\"noopener\">Folta, Michal: Grafi\u010dka p\u0159ipom\u00edn\u00e1 N\u011b\u017en\u00e9ho barbara Boudn\u00edka<\/a><\/p>\n\n\n<p><\/p>\n","protected":false},"excerpt":{"rendered":"<p>Publikace\/Publication: Kat. v\u00fds.: Eva \u010capkov\u00e1 \u2013 Pocta v\u011bdc\u016fm minul\u00fdch stalet\u00ed,Trigon Praha 2019 Kat. v\u00fdst.: Eva \u010capkov\u00e1. Magnetick\u00e9 malby a grafiky, GalerieMaldoror Praha 2018. Krti\u010dka, Ji\u0159\u00ed Bernard: Fenom\u00e9n drsnosti. \u010cesk\u00e1 struktur\u00e1ln\u00edgrafika, Praha 2016, s. 55. Video: Videopozv\u00e1nka na v\u00fdstavu do Svat\u00e9ho Jana pod Skalou, 2025 Video: Boudn\u00edk-Hamera-\u010capkov\u00e1, 2023 Video: Ho\u0159ovice, 2023 Video: V\u00fdstava ve Viole, Praha&hellip; <a class=\"more-link\" href=\"https:\/\/www.evacapkova.eu\/index.php\/o-mne\/odkazy\/\"><span class=\"screen-reader-text\">Odkazy\/Links<\/span> weiterlesen<\/a><\/p>\n","protected":false},"author":1,"featured_media":0,"parent":223,"menu_order":3,"comment_status":"closed","ping_status":"closed","template":"","meta":{"footnotes":""},"class_list":["post-226","page","type-page","status-publish","hentry","entry"],"yoast_head":"<!-- This site is optimized with the Yoast SEO plugin v27.5 - https:\/\/yoast.com\/product\/yoast-seo-wordpress\/ -->\n<title>Odkazy\/Links - Eva \u010capkov\u00e1<\/title>\n<meta name=\"robots\" content=\"index, follow, max-snippet:-1, max-image-preview:large, max-video-preview:-1\" \/>\n<link rel=\"canonical\" href=\"https:\/\/www.evacapkova.eu\/index.php\/o-mne\/odkazy\/\" \/>\n<meta property=\"og:locale\" content=\"de_DE\" \/>\n<meta property=\"og:type\" content=\"article\" \/>\n<meta property=\"og:title\" content=\"Odkazy\/Links - Eva \u010capkov\u00e1\" \/>\n<meta property=\"og:description\" content=\"Publikace\/Publication: Kat. v\u00fds.: Eva \u010capkov\u00e1 \u2013 Pocta v\u011bdc\u016fm minul\u00fdch stalet\u00ed,Trigon Praha 2019 Kat. v\u00fdst.: Eva \u010capkov\u00e1. Magnetick\u00e9 malby a grafiky, GalerieMaldoror Praha 2018. Krti\u010dka, Ji\u0159\u00ed Bernard: Fenom\u00e9n drsnosti. \u010cesk\u00e1 struktur\u00e1ln\u00edgrafika, Praha 2016, s. 55. Video: Videopozv\u00e1nka na v\u00fdstavu do Svat\u00e9ho Jana pod Skalou, 2025 Video: Boudn\u00edk-Hamera-\u010capkov\u00e1, 2023 Video: Ho\u0159ovice, 2023 Video: V\u00fdstava ve Viole, Praha&hellip; Odkazy\/Links weiterlesen\" \/>\n<meta property=\"og:url\" content=\"https:\/\/www.evacapkova.eu\/index.php\/o-mne\/odkazy\/\" \/>\n<meta property=\"og:site_name\" content=\"Eva \u010capkov\u00e1\" \/>\n<meta property=\"article:modified_time\" content=\"2026-01-16T05:54:30+00:00\" \/>\n<meta name=\"twitter:card\" content=\"summary_large_image\" \/>\n<meta name=\"twitter:label1\" content=\"Gesch\u00e4tzte Lesezeit\" \/>\n\t<meta name=\"twitter:data1\" content=\"2\u00a0Minuten\" \/>\n<script type=\"application\/ld+json\" class=\"yoast-schema-graph\">{\"@context\":\"https:\\\/\\\/schema.org\",\"@graph\":[{\"@type\":\"WebPage\",\"@id\":\"https:\\\/\\\/www.evacapkova.eu\\\/index.php\\\/o-mne\\\/odkazy\\\/\",\"url\":\"https:\\\/\\\/www.evacapkova.eu\\\/index.php\\\/o-mne\\\/odkazy\\\/\",\"name\":\"Odkazy\\\/Links - Eva \u010capkov\u00e1\",\"isPartOf\":{\"@id\":\"https:\\\/\\\/www.evacapkova.eu\\\/#website\"},\"datePublished\":\"2021-03-13T15:47:11+00:00\",\"dateModified\":\"2026-01-16T05:54:30+00:00\",\"breadcrumb\":{\"@id\":\"https:\\\/\\\/www.evacapkova.eu\\\/index.php\\\/o-mne\\\/odkazy\\\/#breadcrumb\"},\"inLanguage\":\"de\",\"potentialAction\":[{\"@type\":\"ReadAction\",\"target\":[\"https:\\\/\\\/www.evacapkova.eu\\\/index.php\\\/o-mne\\\/odkazy\\\/\"]}]},{\"@type\":\"BreadcrumbList\",\"@id\":\"https:\\\/\\\/www.evacapkova.eu\\\/index.php\\\/o-mne\\\/odkazy\\\/#breadcrumb\",\"itemListElement\":[{\"@type\":\"ListItem\",\"position\":1,\"name\":\"Startseite\",\"item\":\"https:\\\/\\\/www.evacapkova.eu\\\/\"},{\"@type\":\"ListItem\",\"position\":2,\"name\":\"O m\u00e9 v\u00fdtvarn\u00e9 pr\u00e1ci\\\/About my artistic work\",\"item\":\"https:\\\/\\\/www.evacapkova.eu\\\/index.php\\\/o-mne\\\/\"},{\"@type\":\"ListItem\",\"position\":3,\"name\":\"Odkazy\\\/Links\"}]},{\"@type\":\"WebSite\",\"@id\":\"https:\\\/\\\/www.evacapkova.eu\\\/#website\",\"url\":\"https:\\\/\\\/www.evacapkova.eu\\\/\",\"name\":\"Eva \u010capkov\u00e1\",\"description\":\"evacapkova.eu\",\"publisher\":{\"@id\":\"https:\\\/\\\/www.evacapkova.eu\\\/#\\\/schema\\\/person\\\/2d860a0ae0bb0d7f026e5a73338a069c\"},\"potentialAction\":[{\"@type\":\"SearchAction\",\"target\":{\"@type\":\"EntryPoint\",\"urlTemplate\":\"https:\\\/\\\/www.evacapkova.eu\\\/?s={search_term_string}\"},\"query-input\":{\"@type\":\"PropertyValueSpecification\",\"valueRequired\":true,\"valueName\":\"search_term_string\"}}],\"inLanguage\":\"de\"},{\"@type\":[\"Person\",\"Organization\"],\"@id\":\"https:\\\/\\\/www.evacapkova.eu\\\/#\\\/schema\\\/person\\\/2d860a0ae0bb0d7f026e5a73338a069c\",\"name\":\"Eva \u010capkov\u00e1\",\"image\":{\"@type\":\"ImageObject\",\"inLanguage\":\"de\",\"@id\":\"https:\\\/\\\/secure.gravatar.com\\\/avatar\\\/930eb15065d3d272649b176d44ccf3c1d27b505b02fd07a9a7d5c580d9347ce8?s=96&d=mm&r=g\",\"url\":\"https:\\\/\\\/secure.gravatar.com\\\/avatar\\\/930eb15065d3d272649b176d44ccf3c1d27b505b02fd07a9a7d5c580d9347ce8?s=96&d=mm&r=g\",\"contentUrl\":\"https:\\\/\\\/secure.gravatar.com\\\/avatar\\\/930eb15065d3d272649b176d44ccf3c1d27b505b02fd07a9a7d5c580d9347ce8?s=96&d=mm&r=g\",\"caption\":\"Eva \u010capkov\u00e1\"},\"logo\":{\"@id\":\"https:\\\/\\\/secure.gravatar.com\\\/avatar\\\/930eb15065d3d272649b176d44ccf3c1d27b505b02fd07a9a7d5c580d9347ce8?s=96&d=mm&r=g\"},\"sameAs\":[\"https:\\\/\\\/www.evacapkova.eu\\\/\",\"jentakprodlouhouchvili\"]}]}<\/script>\n<!-- \/ Yoast SEO plugin. -->","yoast_head_json":{"title":"Odkazy\/Links - Eva \u010capkov\u00e1","robots":{"index":"index","follow":"follow","max-snippet":"max-snippet:-1","max-image-preview":"max-image-preview:large","max-video-preview":"max-video-preview:-1"},"canonical":"https:\/\/www.evacapkova.eu\/index.php\/o-mne\/odkazy\/","og_locale":"de_DE","og_type":"article","og_title":"Odkazy\/Links - Eva \u010capkov\u00e1","og_description":"Publikace\/Publication: Kat. v\u00fds.: Eva \u010capkov\u00e1 \u2013 Pocta v\u011bdc\u016fm minul\u00fdch stalet\u00ed,Trigon Praha 2019 Kat. v\u00fdst.: Eva \u010capkov\u00e1. Magnetick\u00e9 malby a grafiky, GalerieMaldoror Praha 2018. Krti\u010dka, Ji\u0159\u00ed Bernard: Fenom\u00e9n drsnosti. \u010cesk\u00e1 struktur\u00e1ln\u00edgrafika, Praha 2016, s. 55. Video: Videopozv\u00e1nka na v\u00fdstavu do Svat\u00e9ho Jana pod Skalou, 2025 Video: Boudn\u00edk-Hamera-\u010capkov\u00e1, 2023 Video: Ho\u0159ovice, 2023 Video: V\u00fdstava ve Viole, Praha&hellip; Odkazy\/Links weiterlesen","og_url":"https:\/\/www.evacapkova.eu\/index.php\/o-mne\/odkazy\/","og_site_name":"Eva \u010capkov\u00e1","article_modified_time":"2026-01-16T05:54:30+00:00","twitter_card":"summary_large_image","twitter_misc":{"Gesch\u00e4tzte Lesezeit":"2\u00a0Minuten"},"schema":{"@context":"https:\/\/schema.org","@graph":[{"@type":"WebPage","@id":"https:\/\/www.evacapkova.eu\/index.php\/o-mne\/odkazy\/","url":"https:\/\/www.evacapkova.eu\/index.php\/o-mne\/odkazy\/","name":"Odkazy\/Links - Eva \u010capkov\u00e1","isPartOf":{"@id":"https:\/\/www.evacapkova.eu\/#website"},"datePublished":"2021-03-13T15:47:11+00:00","dateModified":"2026-01-16T05:54:30+00:00","breadcrumb":{"@id":"https:\/\/www.evacapkova.eu\/index.php\/o-mne\/odkazy\/#breadcrumb"},"inLanguage":"de","potentialAction":[{"@type":"ReadAction","target":["https:\/\/www.evacapkova.eu\/index.php\/o-mne\/odkazy\/"]}]},{"@type":"BreadcrumbList","@id":"https:\/\/www.evacapkova.eu\/index.php\/o-mne\/odkazy\/#breadcrumb","itemListElement":[{"@type":"ListItem","position":1,"name":"Startseite","item":"https:\/\/www.evacapkova.eu\/"},{"@type":"ListItem","position":2,"name":"O m\u00e9 v\u00fdtvarn\u00e9 pr\u00e1ci\/About my artistic work","item":"https:\/\/www.evacapkova.eu\/index.php\/o-mne\/"},{"@type":"ListItem","position":3,"name":"Odkazy\/Links"}]},{"@type":"WebSite","@id":"https:\/\/www.evacapkova.eu\/#website","url":"https:\/\/www.evacapkova.eu\/","name":"Eva \u010capkov\u00e1","description":"evacapkova.eu","publisher":{"@id":"https:\/\/www.evacapkova.eu\/#\/schema\/person\/2d860a0ae0bb0d7f026e5a73338a069c"},"potentialAction":[{"@type":"SearchAction","target":{"@type":"EntryPoint","urlTemplate":"https:\/\/www.evacapkova.eu\/?s={search_term_string}"},"query-input":{"@type":"PropertyValueSpecification","valueRequired":true,"valueName":"search_term_string"}}],"inLanguage":"de"},{"@type":["Person","Organization"],"@id":"https:\/\/www.evacapkova.eu\/#\/schema\/person\/2d860a0ae0bb0d7f026e5a73338a069c","name":"Eva \u010capkov\u00e1","image":{"@type":"ImageObject","inLanguage":"de","@id":"https:\/\/secure.gravatar.com\/avatar\/930eb15065d3d272649b176d44ccf3c1d27b505b02fd07a9a7d5c580d9347ce8?s=96&d=mm&r=g","url":"https:\/\/secure.gravatar.com\/avatar\/930eb15065d3d272649b176d44ccf3c1d27b505b02fd07a9a7d5c580d9347ce8?s=96&d=mm&r=g","contentUrl":"https:\/\/secure.gravatar.com\/avatar\/930eb15065d3d272649b176d44ccf3c1d27b505b02fd07a9a7d5c580d9347ce8?s=96&d=mm&r=g","caption":"Eva \u010capkov\u00e1"},"logo":{"@id":"https:\/\/secure.gravatar.com\/avatar\/930eb15065d3d272649b176d44ccf3c1d27b505b02fd07a9a7d5c580d9347ce8?s=96&d=mm&r=g"},"sameAs":["https:\/\/www.evacapkova.eu\/","jentakprodlouhouchvili"]}]}},"_links":{"self":[{"href":"https:\/\/www.evacapkova.eu\/index.php\/wp-json\/wp\/v2\/pages\/226","targetHints":{"allow":["GET"]}}],"collection":[{"href":"https:\/\/www.evacapkova.eu\/index.php\/wp-json\/wp\/v2\/pages"}],"about":[{"href":"https:\/\/www.evacapkova.eu\/index.php\/wp-json\/wp\/v2\/types\/page"}],"author":[{"embeddable":true,"href":"https:\/\/www.evacapkova.eu\/index.php\/wp-json\/wp\/v2\/users\/1"}],"replies":[{"embeddable":true,"href":"https:\/\/www.evacapkova.eu\/index.php\/wp-json\/wp\/v2\/comments?post=226"}],"version-history":[{"count":76,"href":"https:\/\/www.evacapkova.eu\/index.php\/wp-json\/wp\/v2\/pages\/226\/revisions"}],"predecessor-version":[{"id":2230,"href":"https:\/\/www.evacapkova.eu\/index.php\/wp-json\/wp\/v2\/pages\/226\/revisions\/2230"}],"up":[{"embeddable":true,"href":"https:\/\/www.evacapkova.eu\/index.php\/wp-json\/wp\/v2\/pages\/223"}],"wp:attachment":[{"href":"https:\/\/www.evacapkova.eu\/index.php\/wp-json\/wp\/v2\/media?parent=226"}],"curies":[{"name":"wp","href":"https:\/\/api.w.org\/{rel}","templated":true}]}}