{"id":209,"date":"2021-03-13T15:44:41","date_gmt":"2021-03-13T15:44:10","guid":{"rendered":"https:\/\/www.evacapkova.eu\/index.php\/monotyp\/"},"modified":"2026-01-10T06:04:04","modified_gmt":"2026-01-10T06:04:04","slug":"vystavy","status":"publish","type":"page","link":"https:\/\/www.evacapkova.eu\/index.php\/o-mne\/vystavy\/","title":{"rendered":"V\u00fdstavy\/Exhibitions"},"content":{"rendered":"\n<p><strong>Samostatn\u00e9 v\u00fdstavy:<\/strong><\/p>\n\n\n\n<p>2025: Kameny vzhl\u00ed\u017eej\u00ed do oblak, Informa\u010dn\u00ed st\u0159edisko CHKO \u010cesk\u00fd kras, Svat\u00fd Jan pod Skalou, 17.5.2025 \u2013 15.9.2025.<\/p>\n\n\n\n<p>2024: Magie magnetismu, 4.10. 2024 \u2013 20.12. 2024, Kulturn\u00ed centrum Kamenice.<\/p>\n\n\n\n<p>2023: Po stop\u00e1ch miner\u00e1l\u016f, 29.09.2023 \u2013 02.03.2023, D\u016fm Natura P\u0159\u00edbram, P\u0159\u00edbram.<\/p>\n\n\n\n<p>2023: Magnetick\u00fd p\u0159ita\u017elivost, 05.05.2023 \u2013 26.06.2023, MKS Galerie Star\u00fd z\u00e1mek. Ho\u0159ovice .<\/p>\n\n\n\n<p>2022: Malovan\u00e9 den\u00edky, 01.09.2022 \u2013 30.09.2022, \u010cesk\u00fd rozhlas Praha, Praha.<\/p>\n\n\n\n<p>2022: Dialog. V\u00fdstava kreseb a grafik, 27.05.2022 \u2013 30.06.2022, Divadlo Viola, Praha.<\/p>\n\n\n\n<p>2022: Magnetick\u00fd M\u00e1cha, 14.04.2022 \u2013 30.06.2022, Mal\u00e1 galerie Na Hradb\u00e1ch, Kol\u00edn.<\/p>\n\n\n\n<p>2019: Pocta v\u011bdc\u016fm minul\u00fdch stalet\u00ed, 11.07.2019 \u2013 03.09.2019, Trigon, Praha.<\/p>\n\n\n\n<p>2019: Magnetick\u00e9 malby a grafiky, 18.01.2019 \u2013 30.03.2019, Galerie Maldoror, Praha.<\/p>\n\n\n\n<p>2018: Magnetick\u00e9 malby a grafiky, 04.10.2018 &#8211; , Nemocnice na Homolce, Praha.<\/p>\n\n\n\n<p>2014: Struktury krajin, Amadeus (are\u00e1l Arcidiec\u00e9zn\u00edho muzea v Olomouci), leden \u2013 duben 2014, Olomouc.<\/p>\n\n\n\n<p><\/p>\n\n\n\n<p><strong>Skupinov\u00e9 v\u00fdstavy:<\/strong><\/p>\n\n\n\n<p>2025: Sv\u011bt pln\u00fd znamen\u00ed. Moudrost nebe \u2013 moudrost zem\u011b, v\u00fdstava liter\u00e1rn\u00edho a v\u00fdtvarn\u00e9ho projektu v&nbsp;historick\u00e9m s\u00e1le CEROP Kol\u00edn, 30. \u0159\u00edjna &#8211; 19. prosince 2025, Kol\u00edn.<\/p>\n\n\n\n<p>2025: 35. v\u00fdro\u010d\u00ed zalo\u017een\u00ed UVUO, 13.8. &#8211; 30.8., Galerie m\u011bsta Olomouce, Olomouc.<\/p>\n\n\n\n<p>2025: Kunstpreis Ampertal,16.1. &#8211; 7. 3. 2025, Rathaus Zolling (N\u011bmecko).<\/p>\n\n\n\n<p>2024: \u201cStone, Land, River\u201d by Eva \u010capkov\u00e1, Gotthart Kuppel and Laila Seidel, 06.09.2024 &#8211; 29.09.2024, Liebenweinturm, Burghausen (N\u011bmecko).<\/p>\n\n\n\n<p>2023: Salon berounsk\u00fdch v\u00fdtvarn\u00edk\u016f, 22.11.2023 \u2013 22.12.2023, M\u011bstsk\u00e1 galerie Beroun, Duslova vila, Beroun.<\/p>\n\n\n\n<p>2023: U\u010ditel u\u010ditele. \u017d\u00e1k \u017e\u00e1ka. Boudn\u00edk, Hamera, \u010capkov\u00e1, 14.09.2023 \u2013 03.11.2023, Galerie doln\u00ed br\u00e1na Prachatice.<\/p>\n\n\n\n<p>2023: The International Contemporary Miniprint of Kazanlak 2023, 2023 \u2013 2024, Kazanlak (Bulharsko).<\/p>\n\n\n\n<p>2023: Miniprint international de Cadaqu\u00e9s, Taller Galeria Fort, 24.06.2023 \u2013 30.09.2023, Cadaqu\u00e9s (\u0160pan\u011blsko).<\/p>\n\n\n\n<p>2023: Grafika roku 2022, 06.04.2023. \u2013 05.05 2023, Betl\u00e9msk\u00e1 kaple \u2013 Lapid\u00e1rium| \u010cesk\u00e1 Galerie Modern\u00edho Um\u011bn\u00ed | Betl\u00e9msk\u00e9 n\u00e1m\u011bst\u00ed | Praha 1.<\/p>\n\n\n\n<p>2022: Grafika roku 2021, 31.03.2022 \u2013 30.04.2022, Galerie Hollar, Karolinum, Praha.<\/p>\n\n\n\n<p>2021: Recyklace. Old\u0159ich Hamera, pocta Josefu V\u00e1chalovi a dal\u0161\u00edm outsider\u016fm \u010desk\u00e9ho v\u00fdtvarn\u00e9ho um\u011bn\u00ed, 01.05.2021 \u2013 29.05.2022, Portmoneum, Litomy\u0161l.<\/p>\n\n\n\n<p>2021: Z tvorby Evy \u010capkov\u00e9 a Old\u0159icha Hamery, 05.08.2021 \u2013 28.09.2021. Pr\u00e1che\u0148sk\u00e9 muzeum v P\u00edsku, P\u00edsek.<\/p>\n\n\n\n<p>2021: Hled\u00e1n\u00ed neopakovatelnosti. Monotyp na cest\u011b k nov\u00fdm podob\u00e1m, 18.08.2021 \u2013 12.09.2021, Galerie Hollar, Praha.<\/p>\n\n\n\n<p>2019: Kennst du das M\u00e4rchen von goldenen Fischlein? Salon mit ausgew\u00e4hlten k\u00fcnstlerischen Positionen, 13.12.2019 \u2013 14.12.2019, Rosenheim (N\u011bmecko).<\/p>\n\n\n\n<p>2017: 11th Biennial International Miniature Print Exhibition in Center for Contemporary Printmaking in Norwalk (USA)<\/p>\n\n\n\n<p>2016: Od Boudn\u00edka k dne\u0161ku \u2013 \u010cesk\u00e1 struktur\u00e1ln\u00ed grafika, 09.11.2016 \u2013 04.12.2016, Galerie Hollar, Praha.<\/p>\n\n\n\n<p><\/p>\n","protected":false},"excerpt":{"rendered":"<p>Samostatn\u00e9 v\u00fdstavy: 2025: Kameny vzhl\u00ed\u017eej\u00ed do oblak, Informa\u010dn\u00ed st\u0159edisko CHKO \u010cesk\u00fd kras, Svat\u00fd Jan pod Skalou, 17.5.2025 \u2013 15.9.2025. 2024: Magie magnetismu, 4.10. 2024 \u2013 20.12. 2024, Kulturn\u00ed centrum Kamenice. 2023: Po stop\u00e1ch miner\u00e1l\u016f, 29.09.2023 \u2013 02.03.2023, D\u016fm Natura P\u0159\u00edbram, P\u0159\u00edbram. 2023: Magnetick\u00fd p\u0159ita\u017elivost, 05.05.2023 \u2013 26.06.2023, MKS Galerie Star\u00fd z\u00e1mek. Ho\u0159ovice . 2022: Malovan\u00e9&hellip; <a class=\"more-link\" href=\"https:\/\/www.evacapkova.eu\/index.php\/o-mne\/vystavy\/\"><span class=\"screen-reader-text\">V\u00fdstavy\/Exhibitions<\/span> weiterlesen<\/a><\/p>\n","protected":false},"author":1,"featured_media":0,"parent":223,"menu_order":0,"comment_status":"closed","ping_status":"closed","template":"","meta":{"footnotes":""},"class_list":["post-209","page","type-page","status-publish","hentry","entry"],"yoast_head":"<!-- This site is optimized with the Yoast SEO plugin v27.5 - https:\/\/yoast.com\/product\/yoast-seo-wordpress\/ -->\n<title>V\u00fdstavy\/Exhibitions - Eva \u010capkov\u00e1<\/title>\n<meta name=\"robots\" content=\"index, follow, max-snippet:-1, max-image-preview:large, max-video-preview:-1\" \/>\n<link rel=\"canonical\" href=\"https:\/\/www.evacapkova.eu\/index.php\/o-mne\/vystavy\/\" \/>\n<meta property=\"og:locale\" content=\"de_DE\" \/>\n<meta property=\"og:type\" content=\"article\" \/>\n<meta property=\"og:title\" content=\"V\u00fdstavy\/Exhibitions - Eva \u010capkov\u00e1\" \/>\n<meta property=\"og:description\" content=\"Samostatn\u00e9 v\u00fdstavy: 2025: Kameny vzhl\u00ed\u017eej\u00ed do oblak, Informa\u010dn\u00ed st\u0159edisko CHKO \u010cesk\u00fd kras, Svat\u00fd Jan pod Skalou, 17.5.2025 \u2013 15.9.2025. 2024: Magie magnetismu, 4.10. 2024 \u2013 20.12. 2024, Kulturn\u00ed centrum Kamenice. 2023: Po stop\u00e1ch miner\u00e1l\u016f, 29.09.2023 \u2013 02.03.2023, D\u016fm Natura P\u0159\u00edbram, P\u0159\u00edbram. 2023: Magnetick\u00fd p\u0159ita\u017elivost, 05.05.2023 \u2013 26.06.2023, MKS Galerie Star\u00fd z\u00e1mek. Ho\u0159ovice . 2022: Malovan\u00e9&hellip; V\u00fdstavy\/Exhibitions weiterlesen\" \/>\n<meta property=\"og:url\" content=\"https:\/\/www.evacapkova.eu\/index.php\/o-mne\/vystavy\/\" \/>\n<meta property=\"og:site_name\" content=\"Eva \u010capkov\u00e1\" \/>\n<meta property=\"article:modified_time\" content=\"2026-01-10T06:04:04+00:00\" \/>\n<meta name=\"twitter:card\" content=\"summary_large_image\" \/>\n<meta name=\"twitter:label1\" content=\"Gesch\u00e4tzte Lesezeit\" \/>\n\t<meta name=\"twitter:data1\" content=\"2\u00a0Minuten\" \/>\n<script type=\"application\/ld+json\" class=\"yoast-schema-graph\">{\"@context\":\"https:\\\/\\\/schema.org\",\"@graph\":[{\"@type\":\"WebPage\",\"@id\":\"https:\\\/\\\/www.evacapkova.eu\\\/index.php\\\/o-mne\\\/vystavy\\\/\",\"url\":\"https:\\\/\\\/www.evacapkova.eu\\\/index.php\\\/o-mne\\\/vystavy\\\/\",\"name\":\"V\u00fdstavy\\\/Exhibitions - Eva \u010capkov\u00e1\",\"isPartOf\":{\"@id\":\"https:\\\/\\\/www.evacapkova.eu\\\/#website\"},\"datePublished\":\"2021-03-13T15:44:10+00:00\",\"dateModified\":\"2026-01-10T06:04:04+00:00\",\"breadcrumb\":{\"@id\":\"https:\\\/\\\/www.evacapkova.eu\\\/index.php\\\/o-mne\\\/vystavy\\\/#breadcrumb\"},\"inLanguage\":\"de\",\"potentialAction\":[{\"@type\":\"ReadAction\",\"target\":[\"https:\\\/\\\/www.evacapkova.eu\\\/index.php\\\/o-mne\\\/vystavy\\\/\"]}]},{\"@type\":\"BreadcrumbList\",\"@id\":\"https:\\\/\\\/www.evacapkova.eu\\\/index.php\\\/o-mne\\\/vystavy\\\/#breadcrumb\",\"itemListElement\":[{\"@type\":\"ListItem\",\"position\":1,\"name\":\"Startseite\",\"item\":\"https:\\\/\\\/www.evacapkova.eu\\\/\"},{\"@type\":\"ListItem\",\"position\":2,\"name\":\"O m\u00e9 v\u00fdtvarn\u00e9 pr\u00e1ci\\\/About my artistic work\",\"item\":\"https:\\\/\\\/www.evacapkova.eu\\\/index.php\\\/o-mne\\\/\"},{\"@type\":\"ListItem\",\"position\":3,\"name\":\"V\u00fdstavy\\\/Exhibitions\"}]},{\"@type\":\"WebSite\",\"@id\":\"https:\\\/\\\/www.evacapkova.eu\\\/#website\",\"url\":\"https:\\\/\\\/www.evacapkova.eu\\\/\",\"name\":\"Eva \u010capkov\u00e1\",\"description\":\"evacapkova.eu\",\"publisher\":{\"@id\":\"https:\\\/\\\/www.evacapkova.eu\\\/#\\\/schema\\\/person\\\/2d860a0ae0bb0d7f026e5a73338a069c\"},\"potentialAction\":[{\"@type\":\"SearchAction\",\"target\":{\"@type\":\"EntryPoint\",\"urlTemplate\":\"https:\\\/\\\/www.evacapkova.eu\\\/?s={search_term_string}\"},\"query-input\":{\"@type\":\"PropertyValueSpecification\",\"valueRequired\":true,\"valueName\":\"search_term_string\"}}],\"inLanguage\":\"de\"},{\"@type\":[\"Person\",\"Organization\"],\"@id\":\"https:\\\/\\\/www.evacapkova.eu\\\/#\\\/schema\\\/person\\\/2d860a0ae0bb0d7f026e5a73338a069c\",\"name\":\"Eva \u010capkov\u00e1\",\"image\":{\"@type\":\"ImageObject\",\"inLanguage\":\"de\",\"@id\":\"https:\\\/\\\/secure.gravatar.com\\\/avatar\\\/930eb15065d3d272649b176d44ccf3c1d27b505b02fd07a9a7d5c580d9347ce8?s=96&d=mm&r=g\",\"url\":\"https:\\\/\\\/secure.gravatar.com\\\/avatar\\\/930eb15065d3d272649b176d44ccf3c1d27b505b02fd07a9a7d5c580d9347ce8?s=96&d=mm&r=g\",\"contentUrl\":\"https:\\\/\\\/secure.gravatar.com\\\/avatar\\\/930eb15065d3d272649b176d44ccf3c1d27b505b02fd07a9a7d5c580d9347ce8?s=96&d=mm&r=g\",\"caption\":\"Eva \u010capkov\u00e1\"},\"logo\":{\"@id\":\"https:\\\/\\\/secure.gravatar.com\\\/avatar\\\/930eb15065d3d272649b176d44ccf3c1d27b505b02fd07a9a7d5c580d9347ce8?s=96&d=mm&r=g\"},\"sameAs\":[\"https:\\\/\\\/www.evacapkova.eu\\\/\",\"jentakprodlouhouchvili\"]}]}<\/script>\n<!-- \/ Yoast SEO plugin. -->","yoast_head_json":{"title":"V\u00fdstavy\/Exhibitions - Eva \u010capkov\u00e1","robots":{"index":"index","follow":"follow","max-snippet":"max-snippet:-1","max-image-preview":"max-image-preview:large","max-video-preview":"max-video-preview:-1"},"canonical":"https:\/\/www.evacapkova.eu\/index.php\/o-mne\/vystavy\/","og_locale":"de_DE","og_type":"article","og_title":"V\u00fdstavy\/Exhibitions - Eva \u010capkov\u00e1","og_description":"Samostatn\u00e9 v\u00fdstavy: 2025: Kameny vzhl\u00ed\u017eej\u00ed do oblak, Informa\u010dn\u00ed st\u0159edisko CHKO \u010cesk\u00fd kras, Svat\u00fd Jan pod Skalou, 17.5.2025 \u2013 15.9.2025. 2024: Magie magnetismu, 4.10. 2024 \u2013 20.12. 2024, Kulturn\u00ed centrum Kamenice. 2023: Po stop\u00e1ch miner\u00e1l\u016f, 29.09.2023 \u2013 02.03.2023, D\u016fm Natura P\u0159\u00edbram, P\u0159\u00edbram. 2023: Magnetick\u00fd p\u0159ita\u017elivost, 05.05.2023 \u2013 26.06.2023, MKS Galerie Star\u00fd z\u00e1mek. Ho\u0159ovice . 2022: Malovan\u00e9&hellip; V\u00fdstavy\/Exhibitions weiterlesen","og_url":"https:\/\/www.evacapkova.eu\/index.php\/o-mne\/vystavy\/","og_site_name":"Eva \u010capkov\u00e1","article_modified_time":"2026-01-10T06:04:04+00:00","twitter_card":"summary_large_image","twitter_misc":{"Gesch\u00e4tzte Lesezeit":"2\u00a0Minuten"},"schema":{"@context":"https:\/\/schema.org","@graph":[{"@type":"WebPage","@id":"https:\/\/www.evacapkova.eu\/index.php\/o-mne\/vystavy\/","url":"https:\/\/www.evacapkova.eu\/index.php\/o-mne\/vystavy\/","name":"V\u00fdstavy\/Exhibitions - Eva \u010capkov\u00e1","isPartOf":{"@id":"https:\/\/www.evacapkova.eu\/#website"},"datePublished":"2021-03-13T15:44:10+00:00","dateModified":"2026-01-10T06:04:04+00:00","breadcrumb":{"@id":"https:\/\/www.evacapkova.eu\/index.php\/o-mne\/vystavy\/#breadcrumb"},"inLanguage":"de","potentialAction":[{"@type":"ReadAction","target":["https:\/\/www.evacapkova.eu\/index.php\/o-mne\/vystavy\/"]}]},{"@type":"BreadcrumbList","@id":"https:\/\/www.evacapkova.eu\/index.php\/o-mne\/vystavy\/#breadcrumb","itemListElement":[{"@type":"ListItem","position":1,"name":"Startseite","item":"https:\/\/www.evacapkova.eu\/"},{"@type":"ListItem","position":2,"name":"O m\u00e9 v\u00fdtvarn\u00e9 pr\u00e1ci\/About my artistic work","item":"https:\/\/www.evacapkova.eu\/index.php\/o-mne\/"},{"@type":"ListItem","position":3,"name":"V\u00fdstavy\/Exhibitions"}]},{"@type":"WebSite","@id":"https:\/\/www.evacapkova.eu\/#website","url":"https:\/\/www.evacapkova.eu\/","name":"Eva \u010capkov\u00e1","description":"evacapkova.eu","publisher":{"@id":"https:\/\/www.evacapkova.eu\/#\/schema\/person\/2d860a0ae0bb0d7f026e5a73338a069c"},"potentialAction":[{"@type":"SearchAction","target":{"@type":"EntryPoint","urlTemplate":"https:\/\/www.evacapkova.eu\/?s={search_term_string}"},"query-input":{"@type":"PropertyValueSpecification","valueRequired":true,"valueName":"search_term_string"}}],"inLanguage":"de"},{"@type":["Person","Organization"],"@id":"https:\/\/www.evacapkova.eu\/#\/schema\/person\/2d860a0ae0bb0d7f026e5a73338a069c","name":"Eva \u010capkov\u00e1","image":{"@type":"ImageObject","inLanguage":"de","@id":"https:\/\/secure.gravatar.com\/avatar\/930eb15065d3d272649b176d44ccf3c1d27b505b02fd07a9a7d5c580d9347ce8?s=96&d=mm&r=g","url":"https:\/\/secure.gravatar.com\/avatar\/930eb15065d3d272649b176d44ccf3c1d27b505b02fd07a9a7d5c580d9347ce8?s=96&d=mm&r=g","contentUrl":"https:\/\/secure.gravatar.com\/avatar\/930eb15065d3d272649b176d44ccf3c1d27b505b02fd07a9a7d5c580d9347ce8?s=96&d=mm&r=g","caption":"Eva \u010capkov\u00e1"},"logo":{"@id":"https:\/\/secure.gravatar.com\/avatar\/930eb15065d3d272649b176d44ccf3c1d27b505b02fd07a9a7d5c580d9347ce8?s=96&d=mm&r=g"},"sameAs":["https:\/\/www.evacapkova.eu\/","jentakprodlouhouchvili"]}]}},"_links":{"self":[{"href":"https:\/\/www.evacapkova.eu\/index.php\/wp-json\/wp\/v2\/pages\/209","targetHints":{"allow":["GET"]}}],"collection":[{"href":"https:\/\/www.evacapkova.eu\/index.php\/wp-json\/wp\/v2\/pages"}],"about":[{"href":"https:\/\/www.evacapkova.eu\/index.php\/wp-json\/wp\/v2\/types\/page"}],"author":[{"embeddable":true,"href":"https:\/\/www.evacapkova.eu\/index.php\/wp-json\/wp\/v2\/users\/1"}],"replies":[{"embeddable":true,"href":"https:\/\/www.evacapkova.eu\/index.php\/wp-json\/wp\/v2\/comments?post=209"}],"version-history":[{"count":46,"href":"https:\/\/www.evacapkova.eu\/index.php\/wp-json\/wp\/v2\/pages\/209\/revisions"}],"predecessor-version":[{"id":2070,"href":"https:\/\/www.evacapkova.eu\/index.php\/wp-json\/wp\/v2\/pages\/209\/revisions\/2070"}],"up":[{"embeddable":true,"href":"https:\/\/www.evacapkova.eu\/index.php\/wp-json\/wp\/v2\/pages\/223"}],"wp:attachment":[{"href":"https:\/\/www.evacapkova.eu\/index.php\/wp-json\/wp\/v2\/media?parent=209"}],"curies":[{"name":"wp","href":"https:\/\/api.w.org\/{rel}","templated":true}]}}